{"id":2856,"date":"2021-03-20T10:10:56","date_gmt":"2021-03-20T10:10:56","guid":{"rendered":"https:\/\/mehariparts.com\/?page_id=2856"},"modified":"2023-11-22T22:06:17","modified_gmt":"2023-11-22T22:06:17","slug":"formas-de-pago","status":"publish","type":"page","link":"https:\/\/mehariparts.com\/index.php\/formas-de-pago\/","title":{"rendered":"Formas de pago"},"content":{"rendered":"\t\t<div data-elementor-type=\"wp-page\" data-elementor-id=\"2856\" class=\"elementor elementor-2856\">\n\t\t\t\t\t\t<section class=\"elementor-section elementor-top-section elementor-element elementor-element-ddfb190 elementor-section-boxed elementor-section-height-default elementor-section-height-default\" data-id=\"ddfb190\" data-element_type=\"section\" data-e-type=\"section\">\n\t\t\t\t\t\t<div class=\"elementor-container elementor-column-gap-default\">\n\t\t\t\t\t<div class=\"elementor-column elementor-col-33 elementor-top-column elementor-element elementor-element-cea56d5\" data-id=\"cea56d5\" data-element_type=\"column\" data-e-type=\"column\">\n\t\t\t<div class=\"elementor-widget-wrap elementor-element-populated\">\n\t\t\t\t\t\t<div class=\"elementor-element elementor-element-ea837d5 elementor-widget elementor-widget-image\" data-id=\"ea837d5\" data-element_type=\"widget\" data-e-type=\"widget\" data-widget_type=\"image.default\">\n\t\t\t\t<div class=\"elementor-widget-container\">\n\t\t\t\t\t\t\t\t\t\t\t\t\t\t\t<img decoding=\"async\" src=\"https:\/\/mehariparts.com\/wp-content\/uploads\/2021\/09\/SANTANDER.jpg\" title=\"\" alt=\"\" loading=\"lazy\" \/>\t\t\t\t\t\t\t\t\t\t\t\t\t\t\t<\/div>\n\t\t\t\t<\/div>\n\t\t\t\t\t<\/div>\n\t\t<\/div>\n\t\t\t\t<div class=\"elementor-column elementor-col-33 elementor-top-column elementor-element elementor-element-1fe1581\" data-id=\"1fe1581\" data-element_type=\"column\" data-e-type=\"column\">\n\t\t\t<div class=\"elementor-widget-wrap elementor-element-populated\">\n\t\t\t\t\t\t<div class=\"elementor-element elementor-element-f7caa40 elementor-widget elementor-widget-image\" data-id=\"f7caa40\" data-element_type=\"widget\" data-e-type=\"widget\" data-widget_type=\"image.default\">\n\t\t\t\t<div class=\"elementor-widget-container\">\n\t\t\t\t\t\t\t\t\t\t\t\t\t\t\t<img decoding=\"async\" src=\"https:\/\/mehariparts.com\/wp-content\/uploads\/2021\/09\/TARJETA.png\" title=\"\" alt=\"\" loading=\"lazy\" \/>\t\t\t\t\t\t\t\t\t\t\t\t\t\t\t<\/div>\n\t\t\t\t<\/div>\n\t\t\t\t\t<\/div>\n\t\t<\/div>\n\t\t\t\t<div class=\"elementor-column elementor-col-33 elementor-top-column elementor-element elementor-element-5cc2411\" data-id=\"5cc2411\" data-element_type=\"column\" data-e-type=\"column\">\n\t\t\t<div class=\"elementor-widget-wrap elementor-element-populated\">\n\t\t\t\t\t\t<div class=\"elementor-element elementor-element-5e8bce8 elementor-widget elementor-widget-image\" data-id=\"5e8bce8\" data-element_type=\"widget\" data-e-type=\"widget\" data-widget_type=\"image.default\">\n\t\t\t\t<div class=\"elementor-widget-container\">\n\t\t\t\t\t\t\t\t\t\t\t\t\t\t\t<img decoding=\"async\" src=\"https:\/\/mehariparts.com\/wp-content\/uploads\/2021\/09\/BIZUM.jpg\" title=\"\" alt=\"\" loading=\"lazy\" \/>\t\t\t\t\t\t\t\t\t\t\t\t\t\t\t<\/div>\n\t\t\t\t<\/div>\n\t\t\t\t\t<\/div>\n\t\t<\/div>\n\t\t\t\t\t<\/div>\n\t\t<\/section>\n\t\t\t\t<section class=\"elementor-section elementor-top-section elementor-element elementor-element-c1dd551 elementor-section-boxed elementor-section-height-default elementor-section-height-default\" data-id=\"c1dd551\" data-element_type=\"section\" data-e-type=\"section\">\n\t\t\t\t\t\t<div class=\"elementor-container elementor-column-gap-default\">\n\t\t\t\t\t<div class=\"elementor-column elementor-col-100 elementor-top-column elementor-element elementor-element-c6d16bb\" data-id=\"c6d16bb\" data-element_type=\"column\" data-e-type=\"column\">\n\t\t\t<div class=\"elementor-widget-wrap elementor-element-populated\">\n\t\t\t\t\t\t<div class=\"elementor-element elementor-element-65e3bcc elementor-widget elementor-widget-text-editor\" data-id=\"65e3bcc\" data-element_type=\"widget\" data-e-type=\"widget\" data-widget_type=\"text-editor.default\">\n\t\t\t\t<div class=\"elementor-widget-container\">\n\t\t\t\t\t\t\t\t\t<p><strong><u>FORMAS DE PAGO<\/u><\/strong><\/p><p>El usuario podr\u00e1 realizar los\u00a0 pagos mediante transferencia o ingreso bancario, tarjeta de cr\u00e9dito o d\u00e9bito o BIZUM. El usuario se compromete a dar m\u00e9todos de pago v\u00e1lidos y reales.<\/p><p><a href=\"http:\/\/www.mehariparts.com\">www.mehariparts.com<\/a> no almacenar\u00e1 los datos bancarios de sus usuarios ya que estos son recogidos por la plataforma de pago.<\/p><p>En caso de que se diera cualquier cargo indebido o fraudulento el usuario deber\u00e1 notificar a <a href=\"http:\/\/www.mehariparts.com\">www.mehariparts.com<\/a>\u00a0 a trav\u00e9s de <a href=\"mailto:info@mehariparts.com\">info@mehariparts.com<\/a> para que podamos realizar las gestiones convenientes.<\/p><p>MEHARI PARTS se reserva el derecho a cancelar una orden o incluso eliminar el acceso a los servicios que proporciona en caso de que no se puedan cobrar los art\u00edculos seleccionador con el m\u00e9todo de pago. En cualquier caso, <a href=\"http:\/\/www.mehariparts.com\">www.mehariparts.com<\/a>\u00a0no es responsable de los errores que pueda tener el procesador de pagos.<\/p><p><strong>TRANSFERENCIA BANCARIA<\/strong><\/p><p>Una vez realizado el pedido, se le proporcionar\u00e1 informaci\u00f3n para realizar el pago. El pedido ser\u00e1 enviado cuando se compruebe el ingreso en cuenta (puede agilizarlo mand\u00e1ndonos el justificante de su transferencia desde nuestro email info@mehariparts.com<\/p><p><strong>TARJETA DE CR\u00c9DITO\/D\u00c9BITO<\/strong><\/p><p>Tambi\u00e9n conocido por Secured by Visa o TPV.\u00a0No almacenamos ning\u00fan tipo de informacion sobre su tarjeta. Esta forma de pago no tiene ning\u00fan tipo de comisi\u00f3n.<\/p><p><strong>BIZUM<\/strong><\/p><p>No almacenamos ning\u00fan tipo de informaci\u00f3n sobre su forma de pago. Esta forma de pago no tiene ning\u00fan tipo de comisi\u00f3n.<\/p>\t\t\t\t\t\t\t\t<\/div>\n\t\t\t\t<\/div>\n\t\t\t\t\t<\/div>\n\t\t<\/div>\n\t\t\t\t\t<\/div>\n\t\t<\/section>\n\t\t\t\t<\/div>\n\t\t","protected":false},"excerpt":{"rendered":"<p>FORMAS DE PAGO El usuario podr\u00e1 realizar los\u00a0 pagos mediante transferencia o ingreso bancario, tarjeta de cr\u00e9dito o d\u00e9bito o BIZUM. El usuario se compromete a dar m\u00e9todos de pago v\u00e1lidos y reales. www.mehariparts.com no almacenar\u00e1 los datos bancarios de sus usuarios ya que estos son recogidos por la plataforma de pago. En caso de&hellip;<\/p>\n<p class=\"more\"><a class=\"more-link\" href=\"https:\/\/mehariparts.com\/index.php\/formas-de-pago\/\">Seguir leyendo <span class=\"screen-reader-text\">Formas de pago<\/span><\/a><\/p>\n","protected":false},"author":1,"featured_media":0,"parent":0,"menu_order":0,"comment_status":"closed","ping_status":"closed","template":"","meta":{"footnotes":""},"class_list":["post-2856","page","type-page","status-publish","hentry","entry"],"yoast_head":"<!-- This site is optimized with the Yoast SEO plugin v27.6 - https:\/\/yoast.com\/product\/yoast-seo-wordpress\/ -->\n<title>Formas de pago -<\/title>\n<meta name=\"description\" content=\"Recambios y accesorios para veh\u00edculos cl\u00e1sicos y deportivos. LAND ROVER-TRIUMPH-MG-JAGUAR-BENTLEY-ROLLSROYCE-PORSCHE-FERRARI. Classic car parts spares Triumph parts especialist\" \/>\n<meta name=\"robots\" content=\"index, follow, max-snippet:-1, max-image-preview:large, max-video-preview:-1\" \/>\n<link rel=\"canonical\" href=\"https:\/\/mehariparts.com\/index.php\/formas-de-pago\/\" \/>\n<meta property=\"og:locale\" content=\"es_ES\" \/>\n<meta property=\"og:type\" content=\"article\" \/>\n<meta property=\"og:title\" content=\"Formas de pago -\" \/>\n<meta property=\"og:description\" content=\"Recambios y accesorios para veh\u00edculos cl\u00e1sicos y deportivos. LAND ROVER-TRIUMPH-MG-JAGUAR-BENTLEY-ROLLSROYCE-PORSCHE-FERRARI. Classic car parts spares Triumph parts especialist\" \/>\n<meta property=\"og:url\" content=\"https:\/\/mehariparts.com\/index.php\/formas-de-pago\/\" \/>\n<meta property=\"article:modified_time\" content=\"2023-11-22T22:06:17+00:00\" \/>\n<meta property=\"og:image\" content=\"https:\/\/mehariparts.com\/wp-content\/uploads\/2021\/09\/SANTANDER.jpg\" \/>\n<meta name=\"twitter:card\" content=\"summary_large_image\" \/>\n<meta name=\"twitter:label1\" content=\"Tiempo de lectura\" \/>\n\t<meta name=\"twitter:data1\" content=\"2 minutos\" \/>\n<script type=\"application\/ld+json\" class=\"yoast-schema-graph\">{\"@context\":\"https:\\\/\\\/schema.org\",\"@graph\":[{\"@type\":\"WebPage\",\"@id\":\"https:\\\/\\\/mehariparts.com\\\/index.php\\\/formas-de-pago\\\/\",\"url\":\"https:\\\/\\\/mehariparts.com\\\/index.php\\\/formas-de-pago\\\/\",\"name\":\"Formas de pago -\",\"isPartOf\":{\"@id\":\"https:\\\/\\\/mehariparts.com\\\/#website\"},\"primaryImageOfPage\":{\"@id\":\"https:\\\/\\\/mehariparts.com\\\/index.php\\\/formas-de-pago\\\/#primaryimage\"},\"image\":{\"@id\":\"https:\\\/\\\/mehariparts.com\\\/index.php\\\/formas-de-pago\\\/#primaryimage\"},\"thumbnailUrl\":\"https:\\\/\\\/mehariparts.com\\\/wp-content\\\/uploads\\\/2021\\\/09\\\/SANTANDER.jpg\",\"datePublished\":\"2021-03-20T10:10:56+00:00\",\"dateModified\":\"2023-11-22T22:06:17+00:00\",\"description\":\"Recambios y accesorios para veh\u00edculos cl\u00e1sicos y deportivos. LAND ROVER-TRIUMPH-MG-JAGUAR-BENTLEY-ROLLSROYCE-PORSCHE-FERRARI. Classic car parts spares Triumph parts especialist\",\"breadcrumb\":{\"@id\":\"https:\\\/\\\/mehariparts.com\\\/index.php\\\/formas-de-pago\\\/#breadcrumb\"},\"inLanguage\":\"es\",\"potentialAction\":[{\"@type\":\"ReadAction\",\"target\":[\"https:\\\/\\\/mehariparts.com\\\/index.php\\\/formas-de-pago\\\/\"]}]},{\"@type\":\"ImageObject\",\"inLanguage\":\"es\",\"@id\":\"https:\\\/\\\/mehariparts.com\\\/index.php\\\/formas-de-pago\\\/#primaryimage\",\"url\":\"\",\"contentUrl\":\"\"},{\"@type\":\"BreadcrumbList\",\"@id\":\"https:\\\/\\\/mehariparts.com\\\/index.php\\\/formas-de-pago\\\/#breadcrumb\",\"itemListElement\":[{\"@type\":\"ListItem\",\"position\":1,\"name\":\"Portada\",\"item\":\"https:\\\/\\\/mehariparts.com\\\/\"},{\"@type\":\"ListItem\",\"position\":2,\"name\":\"Formas de pago\"}]},{\"@type\":\"WebSite\",\"@id\":\"https:\\\/\\\/mehariparts.com\\\/#website\",\"url\":\"https:\\\/\\\/mehariparts.com\\\/\",\"name\":\"\",\"description\":\"\",\"publisher\":{\"@id\":\"https:\\\/\\\/mehariparts.com\\\/#organization\"},\"potentialAction\":[{\"@type\":\"SearchAction\",\"target\":{\"@type\":\"EntryPoint\",\"urlTemplate\":\"https:\\\/\\\/mehariparts.com\\\/?s={search_term_string}\"},\"query-input\":{\"@type\":\"PropertyValueSpecification\",\"valueRequired\":true,\"valueName\":\"search_term_string\"}}],\"inLanguage\":\"es\"},{\"@type\":\"Organization\",\"@id\":\"https:\\\/\\\/mehariparts.com\\\/#organization\",\"name\":\"GF RECAMBIOS\",\"url\":\"https:\\\/\\\/mehariparts.com\\\/\",\"logo\":{\"@type\":\"ImageObject\",\"inLanguage\":\"es\",\"@id\":\"https:\\\/\\\/mehariparts.com\\\/#\\\/schema\\\/logo\\\/image\\\/\",\"url\":\"https:\\\/\\\/i0.wp.com\\\/gfrecambios.com\\\/wp-content\\\/uploads\\\/2021\\\/01\\\/cropped-cropped-cropped-cropped-cropped-cropped-logo-1-1.jpg?fit=627%2C99&ssl=1\",\"contentUrl\":\"https:\\\/\\\/i0.wp.com\\\/gfrecambios.com\\\/wp-content\\\/uploads\\\/2021\\\/01\\\/cropped-cropped-cropped-cropped-cropped-cropped-logo-1-1.jpg?fit=627%2C99&ssl=1\",\"width\":627,\"height\":99,\"caption\":\"GF RECAMBIOS\"},\"image\":{\"@id\":\"https:\\\/\\\/mehariparts.com\\\/#\\\/schema\\\/logo\\\/image\\\/\"}}]}<\/script>\n<!-- \/ Yoast SEO plugin. -->","yoast_head_json":{"title":"Formas de pago -","description":"Recambios y accesorios para veh\u00edculos cl\u00e1sicos y deportivos. LAND ROVER-TRIUMPH-MG-JAGUAR-BENTLEY-ROLLSROYCE-PORSCHE-FERRARI. Classic car parts spares Triumph parts especialist","robots":{"index":"index","follow":"follow","max-snippet":"max-snippet:-1","max-image-preview":"max-image-preview:large","max-video-preview":"max-video-preview:-1"},"canonical":"https:\/\/mehariparts.com\/index.php\/formas-de-pago\/","og_locale":"es_ES","og_type":"article","og_title":"Formas de pago -","og_description":"Recambios y accesorios para veh\u00edculos cl\u00e1sicos y deportivos. LAND ROVER-TRIUMPH-MG-JAGUAR-BENTLEY-ROLLSROYCE-PORSCHE-FERRARI. Classic car parts spares Triumph parts especialist","og_url":"https:\/\/mehariparts.com\/index.php\/formas-de-pago\/","article_modified_time":"2023-11-22T22:06:17+00:00","og_image":[{"url":"https:\/\/mehariparts.com\/wp-content\/uploads\/2021\/09\/SANTANDER.jpg","type":"","width":"","height":""}],"twitter_card":"summary_large_image","twitter_misc":{"Tiempo de lectura":"2 minutos"},"schema":{"@context":"https:\/\/schema.org","@graph":[{"@type":"WebPage","@id":"https:\/\/mehariparts.com\/index.php\/formas-de-pago\/","url":"https:\/\/mehariparts.com\/index.php\/formas-de-pago\/","name":"Formas de pago -","isPartOf":{"@id":"https:\/\/mehariparts.com\/#website"},"primaryImageOfPage":{"@id":"https:\/\/mehariparts.com\/index.php\/formas-de-pago\/#primaryimage"},"image":{"@id":"https:\/\/mehariparts.com\/index.php\/formas-de-pago\/#primaryimage"},"thumbnailUrl":"https:\/\/mehariparts.com\/wp-content\/uploads\/2021\/09\/SANTANDER.jpg","datePublished":"2021-03-20T10:10:56+00:00","dateModified":"2023-11-22T22:06:17+00:00","description":"Recambios y accesorios para veh\u00edculos cl\u00e1sicos y deportivos. LAND ROVER-TRIUMPH-MG-JAGUAR-BENTLEY-ROLLSROYCE-PORSCHE-FERRARI. Classic car parts spares Triumph parts especialist","breadcrumb":{"@id":"https:\/\/mehariparts.com\/index.php\/formas-de-pago\/#breadcrumb"},"inLanguage":"es","potentialAction":[{"@type":"ReadAction","target":["https:\/\/mehariparts.com\/index.php\/formas-de-pago\/"]}]},{"@type":"ImageObject","inLanguage":"es","@id":"https:\/\/mehariparts.com\/index.php\/formas-de-pago\/#primaryimage","url":"","contentUrl":""},{"@type":"BreadcrumbList","@id":"https:\/\/mehariparts.com\/index.php\/formas-de-pago\/#breadcrumb","itemListElement":[{"@type":"ListItem","position":1,"name":"Portada","item":"https:\/\/mehariparts.com\/"},{"@type":"ListItem","position":2,"name":"Formas de pago"}]},{"@type":"WebSite","@id":"https:\/\/mehariparts.com\/#website","url":"https:\/\/mehariparts.com\/","name":"","description":"","publisher":{"@id":"https:\/\/mehariparts.com\/#organization"},"potentialAction":[{"@type":"SearchAction","target":{"@type":"EntryPoint","urlTemplate":"https:\/\/mehariparts.com\/?s={search_term_string}"},"query-input":{"@type":"PropertyValueSpecification","valueRequired":true,"valueName":"search_term_string"}}],"inLanguage":"es"},{"@type":"Organization","@id":"https:\/\/mehariparts.com\/#organization","name":"GF RECAMBIOS","url":"https:\/\/mehariparts.com\/","logo":{"@type":"ImageObject","inLanguage":"es","@id":"https:\/\/mehariparts.com\/#\/schema\/logo\/image\/","url":"https:\/\/i0.wp.com\/gfrecambios.com\/wp-content\/uploads\/2021\/01\/cropped-cropped-cropped-cropped-cropped-cropped-logo-1-1.jpg?fit=627%2C99&ssl=1","contentUrl":"https:\/\/i0.wp.com\/gfrecambios.com\/wp-content\/uploads\/2021\/01\/cropped-cropped-cropped-cropped-cropped-cropped-logo-1-1.jpg?fit=627%2C99&ssl=1","width":627,"height":99,"caption":"GF RECAMBIOS"},"image":{"@id":"https:\/\/mehariparts.com\/#\/schema\/logo\/image\/"}}]}},"amp_enabled":true,"_links":{"self":[{"href":"https:\/\/mehariparts.com\/index.php\/wp-json\/wp\/v2\/pages\/2856","targetHints":{"allow":["GET"]}}],"collection":[{"href":"https:\/\/mehariparts.com\/index.php\/wp-json\/wp\/v2\/pages"}],"about":[{"href":"https:\/\/mehariparts.com\/index.php\/wp-json\/wp\/v2\/types\/page"}],"author":[{"embeddable":true,"href":"https:\/\/mehariparts.com\/index.php\/wp-json\/wp\/v2\/users\/1"}],"replies":[{"embeddable":true,"href":"https:\/\/mehariparts.com\/index.php\/wp-json\/wp\/v2\/comments?post=2856"}],"version-history":[{"count":13,"href":"https:\/\/mehariparts.com\/index.php\/wp-json\/wp\/v2\/pages\/2856\/revisions"}],"predecessor-version":[{"id":45832,"href":"https:\/\/mehariparts.com\/index.php\/wp-json\/wp\/v2\/pages\/2856\/revisions\/45832"}],"wp:attachment":[{"href":"https:\/\/mehariparts.com\/index.php\/wp-json\/wp\/v2\/media?parent=2856"}],"curies":[{"name":"wp","href":"https:\/\/api.w.org\/{rel}","templated":true}]}}